= -p**3 - 38*p**2 + 1048*p + 40342. Give k(-35).
-13
Let g(v) = 23532*v + 10354096. What is g(-440)?
16
Let b(h) = 4974*h - 198976. Calculate b(40).
-16
Let r(t) = 9*t**3 + 431*t**2 - 22*t + 1237. Calculate r(-48).
-11
Let d(l) = l**3 + 35*l**2 + 195*l + 24. What is d(-7)?
31
Let h(l) = 2*l**2 - 5424*l + 271411. Give h(51).
-11
Let s(n) = 2663*n - 71298. What is s(26)?
-2060
Let x(p) = 45*p**2 + 4109*p + 16458. Calculate x(-4).
742
Let z(o) = 5*o**3 - 6*o**2 + 1163*o + 11755. Give z(-10).
-5475
Let l(y) = y**2 + 31470*y - 188823. Give l(6).
33
Let v(h) = -h**3 + 12*h**2 + 145*h + 233. What is v(20)?
-67
Let y(s) = -s**3 - 414*s**2 - 2467*s + 33. Calculate y(-6).
147
Let r(o) = -17248*o - 103429. What is r(-6)?
59
Let l(t) = -4*t**2 + 2220*t + 45727. What is l(575)?
-273
Let a(w) = 5*w**3 + 28*w**2 + 3*w + 1009. Calculate a(0).
1009
Let m(p) = 7782*p + 350209. Determine m(-45).
19
Let i(w) = -3*w**2 + 4045*w - 36326. Give i(9).
-164
Let r(k) = -475*k + 48. Determine r(0).
48
Let s(b) = 225*b - 6230. Calculate s(27).
-155
Let l(r) = 149492*r - 2092825. Give l(14).
63
Let p(h) = -13*h**2 + 423*h - 2285. Give p(7).
39
Let p(b) = -b**3 + 4*b**2 + 1514*b + 204. Determine p(41).
81
Let c(q) = -3*q**2 + 181*q + 403. What is c(47)?
2283
Let w(p) = 19*p**2 - 726*p + 817. What is w(34)?
-1903
Let b(o) = -166*o + 5836. Give b(35).
26
Let t(x) = x**3 - 370*x**2 - 8198*x - 5073. Calculate t(391).
10
Let w(g) = -g**3 - 119*g**2 + 114*g + 306. Calculate w(-120).
1026
Let h(b) = -3*b**3 - 81*b**2 - 28*b - 449. What is h(-26)?
-1749
Let o(t) = -1166*t - 25324. What is o(-22)?
328
Let k(i) = 336*i + 62836. Determine k(-187).
4
Let g(t) = t**2 + 141*t + 2312. What is g(-91)?
-2238
Let y(m) = -m**3 - m**2 + 24*m - 3. Determine y(-5).
-23
Let y(k) = k**3 + 29*k**2 - 583*k - 2729. Determine y(-4).
3
Let k(q) = -3*q**3 + 296*q**2 - 1765*q + 159. What is k(6)?
-423
Let u(c) = -c**2 - 13598*c + 40790. Give u(3).
-13
Let k(i) = 2*i**3 - 351*i**2 - 1047*i + 387181. Give k(172).
9
Let p(n) = -28270*n**2 - 197889*n + 2. Give p(-7).
-5
Let p(x) = -54930*x - 274658. Give p(-5).
-8
Let q(h) = 4953*h + 115175. What is q(-23)?
1256
Let t(d) = 18*d**2 + 1999*d + 7721. What is t(-4)?
13
Let p(s) = -s**3 + 5*s**2 + 197*s - 1566. Give p(8).
-182
Let g(x) = -2*x**3 + 209*x**2 + 747*x + 102. Determine g(108).
-870
Let i(h) = -2494*h - 453. Determine i(0).
-453
Let z(j) = -4*j**3 + 4247*j**2 - 42070*j + 12. What is z(10)?
12
Let a(v) = -1740*v**2 + 1358957*v - 13274. What is a(781)?
3
Let f(k) = 65661*k - 5909479. What is f(90)?
11
Let h(j) = -493*j**2 - 37462*j + 440. Calculate h(-76).
-16
Let l(f) = 210*f**3 - 7981*f**2 + 50*f - 460. Give l(38).
-4
Let r(l) = -l**3 - 1930*l**2 + 3813*l + 98. What is r(2)?
-4
Let z(m) = m**3 + 572*m**2 + 3949*m - 48. Determine z(-7).
-6
Let k(x) = -38*x**2 - 15713*x + 23598. Give k(-415).
-57
Let l(d) = d**3 + d**2 - 36*d - 124. What is l(-5)?
-44
Let y(r) = 9018*r - 577080. Give y(64).
72
Let d(s) = -s**2 + 30*s + 965. Calculate d(-30).
-835
Let x(t) = 14*t**2 - 1271*t + 28775. Give x(48).
23
Let n(a) = -222*a - 5848. What is n(-26)?
-76
Let j(q) = 41268*q - 3714126. Calculate j(90).
-6
Let o(n) = 224*n**2 - 11536*n - 63276. Calculate o(-5).
4
Let t(d) = -2*d**3 + 232*d**2 - 2683*d + 223. Give t(103).
-292
Let u(f) = -139688*f - 418861. Determine u(-3).
203
Let z(d) = -d**3 + 27*d**2 - 34*d - 432. Give z(26).
-640
Let q(a) = -570*a - 12808. What is q(-22)?
-268
Let w(k) = -198090*k + 990477. What is w(5)?
27
Let l(s) = 386*s - 12520. Determine l(32).
-168
Let p(n) = n**3 - 108*n**2 - 67*n - 4171. What is p(109)?
407
Let l(b) = 616*b + 65224. What is l(-107)?
-688
Let p(g) = -135664*g - 135660. What is p(-1)?
4
Let o(l) = -429*l - 988. What is o(5)?
-3133
Let u(h) = -169*h + 1715. Determine u(2).
1377
Let y(w) = -3*w**2 + 23835*w - 1301862. What is y(55)?
-12
Let a(o) = o**3 + 22*o**2 - 5340*o - 16166. Calculate a(-3).
25
Let j(n) = -844*n + 492858. Determine j(584).
-38
Let p(u) = u**3 + 23*u**2 - u - 42. Give p(-23).
-19
Let r(b) = 3*b**2 - 3628*b - 130638. Calculate r(-35).
17
Let v(u) = 4*u**3 + u**2 - 3425*u - 10254. What is v(-3)?
-78
Let k(j) = 1573*j + 45746. Give k(-29).
129
Let y(l) = -2*l**3 - 25*l**2 - 75*l - 920. Give y(-11).
-458
Let g(j) = -2*j**3 - 1385*j**2 + 632*j - 42075. Determine g(-693).
198
Let y(z) = -z**3 - 176*z**2 - 2103*z + 2605. Give y(-163).
-3
Let i(l) = -45*l - 2159. Determine i(-11).
-1664
Let l(k) = k**3 + 32*k**2 - 424*k - 160. Calculate l(-42).
8
Let f(g) = -g**3 + 174*g**2 + 3456*g - 19. What is f(192)?
-19
Let m(a) = -a**3 - 396*a**2 + 4228*a + 1520901. Determine m(-397).
-6
Let w(a) = a**3 + 27*a**2 + 112*a + 12. Determine w(-21).
306
Let o(v) = v**3 - 7*v**2 + 787*v - 4744. What is o(6)?
-58
Let m(q) = 23*q**2 - 222*q + 1718. Calculate m(8).
1414
Let j(f) = 4660*f - 330818. Calculate j(71).
42
Let g(d) = 10*d**2 - 229*d - 1683. Give g(-6).
51
Let f(p) = p**3 + 10237*p**2 + 71590*p - 61. Calculate f(-7).
79
Let r(q) = 2*q**3 - 47371*q**2 + 5327386*q - 107. Determine r(113).
6
Let o(l) = -9940*l + 924415. What is o(93)?
-5
Let m(r) = r**2 - 786*r - 222900. What is m(-221)?
-353
Let z(w) = 94*w + 11967. Determine z(-131).
-347
Let x(m) = -m**2 + 36*m - 55. Give x(19).
268
Let j(q) = -6*q**2 + 87*q + 202. Give j(21).
-617
Let y(z) = 10*z**3 + 400*z**2 - 15*z - 536. What is y(-40)?
64
Let k(b) = b**3 + 78*b**2 + 800*b + 24. What is k(-12)?
-72
Let v(j) = -457*j - 157743. Give v(-344).
-535
Let i(v) = 3*v**3 - 10*v**2 - 85*v + 385. What is i(3)?
121
Let w(z) = -z**3 + 52*z**2 + 194*z + 323. What is w(56)?
-1357
Let b(q) = -9083*q + 217930. Give b(24).
-62
Let x(n) = 3792*n + 94918. Calculate x(-25).
118
Let u(j) = j**2 + 3467*j + 187659. Calculate u(-55).
-1
Let v(g) = 61*g**2 - 774*g + 3897. Calculate v(5).
1552
Let o(b) = -122*b**2 - 162753*b - 6646. Give o(-1334).
24
Let q(n) = -9551*n - 544313. What is q(-57)?
94
Let z(g) = 4*g**2 + 550*g - 10519. Calculate z(17).
-13
Let q(s) = -s**3 - 1217*s**2 - 160053*s - 3199. Calculate q(-1067).
2
Let k(q) = -231682*q**2 + 2316820*q + 3. Calculate k(10).
3
Let x(r) = -65*r**2 + 1294*r - 856. Give x(19).
265
Let m(c) = -3*c**2 + 1266*c - 46858. Give m(41).
5
Let t(l) = l**3 - 3*l**2 + 314*l - 2147. Give t(7).
247
Let l(u) = 1073*u + 14919. Give l(-14).
-103
Let i(g) = 56140*g + 898356. Calculate i(-16).
116
Let g(l) = l**2 - 157*l - 10105. Determine g(-51).
503
Let l(b) = 92*b**2 - 608*b + 738. Determine l(5).
-2
Let y(n) = n**2 - 744383*n + 24563546. Determine y(33).
-4
Let z(m) = -1495*m**2 + 7473*m - 3. Determine z(5).
-13
Let m(c) = c**2 - 92*c - 6108. Give m(-45).
57
Let a(m) = m**3 - 13*m**2 - 218*m + 3062. Calculate a(12).
302
Let a(z) = -82889*z + 331574. What is a(4)?
18
Let z(v) = -5584*v + 44665. Give z(8).
-7
Let q(t) = -1988*t + 9939. Give q(5).
-1
Let x(i) = 2*i**3 - 22*i**2 + 55*i - 29. Give x(8).
27
Let j(z) = z**3 + 16*z**2 + 80*z - 143. Give j(-19).
-2746
Let s(w) = 28734*w + 2787166. Determine s(-97).
-32
Let y(i) = -14*i**2 + 658*i - 870. Determine y(46).
-226
Let d(y) = -y**2 - 217*y - 9954. What is d(-101)?
1762
Let r(m) = 2*m**3 - 253*m**2 - 1153*m + 98586. Give r(128).
154
Let v(b) = 13*b**2 - 5353*b + 4335. What is v(411)?
225
Let o(l) = l**2 - 433582*l + 8237703. Calculate o(19).
6
Let u(c) = -3*c**3 + 261*c**2 + 534*c + 1030. Give u(89).
1030
Let d(y) = 3617*y + 119354. What is d(-33)?
-7
Let s(h) = -112550*h - 1575732. Calculate s(-14).
-32
Let o(c) = -1096013*c - 9864113. What is o(-9)?
4
Let b(x) = 4*x**3 - 373*x**2 - 418*x + 12779. Give b(94).
-5
Let x(t) = 4*t**3 + 283*t**2 - 67*t + 202. What is x(-71)?
-82
Let o(i) = 79620*i - 1353490. What is o(17)?
50
Let z(n) = -336*n + 2992. What is z(10)?
-368
Let p(y) = -615*y - 122175. What is p(-198)?
-405
Let d(g) = -224*g + 4674. Calculate d(21).
-30
Let z(u) = 3*u**2 - 43*u - 1108. What is z(-15)?
212
Let a(k) = 10621*k + 74219. What is a(-7)?
-128
Let l(n) = 1507*n**2 - 90374*n - 2740. Calculate l(60).
20
Let j(v) = 7*v**3 - 12*v**2 - 24*v - 11. What is j(-2)?
-67
Let x(j) = 788*j**3 - 4*j**2 + 15*j - 14. Calculate x(1).
785
Let t(c) = -2*c**3 + 258*c**2 + 251*c + 426. Give t(130).
-744
Let d(h) = -2403*h - 17166. Determine d(-7).
-345
Let w(g) = 8*g**3 - 44*g**2 - 335*g - 22. Calculate w(-8)